6 and o.
36
Suppose -4*j + 36 = 5*g, -j - 8 = -0*g - 3*g. Suppose -3*p = -4*p - 1, -2*p + 250 = j*w. Calculate the greatest common divisor of 9 and w.
9
Suppose 4*j - 1109 = 5*q, -3*j - q = -274 - 572. Suppose 7*m - 314 - j = 0. Calculate the greatest common divisor of 17 and m.
17
Suppose j - 2*d - 62 = 0, -3*j + 150 = 4*d - d. Suppose j + 39 = 3*n. Calculate the highest common divisor of n and 62.
31
Let i = 400 + -324. Calculate the greatest common divisor of i and 28.
4
Let y(t) = 16*t - 5. Let h be y(2). Let n = h - 2. What is the highest common factor of 5 and n?
5
Let a(l) = -l**3 + 11*l**2 - 8*l - 11. Let b be a(10). Suppose -c = -51 + 6. Suppose 0 = -h + c. Calculate the highest common factor of b and h.
9
Let c(o) = o**3 - 10*o**2 - 8*o - 3. Let p(y) = 4*y - 5. Let z be p(4). Let g be c(z). What is the greatest common divisor of g and 6?
6
Let d be ((-245)/(-2))/((9/(-2))/(-9)). Calculate the highest common divisor of 5 and d.
5
Let x(s) = 1171*s**2 + s + 3. Let p be x(1). Calculate the highest common factor of p and 50.
25
Let p(k) = -3*k - 8. Let o be p(-4). Suppose -5*y - 556 = -3*h, -o*h + 3*h + 167 = 2*y. Suppose 33 = -4*v + h. What is the greatest common factor of 12 and v?
12
Let n(t) = -4*t. Let u be n(-4). Let a be (-40)/(-4) + 7/(35/(-30)). What is the greatest common divisor of a and u?
4
Let w = 961 - 406. Calculate the greatest common divisor of w and 45.
15
Let z be 12 + (-4)/(-6 + 7). What is the greatest common divisor of z and 488?
8
Suppose 257 = -5*q + 297. Suppose -4*g = -2*n - 48, -n = n + g + 68. Let o be (14/(-4))/(2/n). Calculate the greatest common factor of q and o.
8
Let c(s) = 3*s + 10. Let h be c(-2). Suppose 2*i + 5*z = -0*z + 41, 20 = -4*z. Suppose 117 - i = 3*x. Calculate the greatest common divisor of h and x.
4
Suppose -5688 - 2848 = -8*l. What is the highest common factor of 97 and l?
97
Let j be (-8)/(-16)*(0 - -12). Suppose j*i = 4*i + 4. Let c be (-1)/i - (-1885)/26. What is the highest common factor of 9 and c?
9
Let o(v) = -2*v - 12. Let u be (-159)/(-18) + 7/42. Suppose 5*r - u*r = 28. Let x be o(r). What is the greatest common factor of x and 5?
1
Suppose -2*t + 3 = -7. Suppose h = -t*y + 21, -5*y + 2*h = h - 29. Suppose -y*o + 93 = -p + 5, 2*o - 22 = -4*p. What is the greatest common divisor of o and 17?
17
Let f be (-2)/7 + (-3294)/(-63). Calculate the greatest common divisor of f and 39.
13
Let b be ((-104)/(-12) + -5)/((-7)/(-1911)). What is the greatest common divisor of 77 and b?
77
Suppose -7 - 110 = -3*k. Suppose -5*u = 0, 6*c - 3*u = c - 30. Let b be -1 + 18*(-9)/c. What is the greatest common factor of k and b?
13
Let d = 150 + -138. Calculate the highest common factor of 324 and d.
12
Suppose 7*d - 9*d = -10. Suppose 2*u = d + 17. Let p = 12 - u. What is the greatest common factor of p and 8?
1
Suppose -4*a - o + 136 = 0, 0 = -3*a - 2*o + 52 + 45. Let z be (-2 - 636/18)*15/(-2). Calculate the greatest common divisor of a and z.
35
Suppose 2*y = 3*b + 88, -320 + 100 = -5*y + 2*b. Let z(c) = -c**3 + 6*c**2 - 3*c - 6. Let u be z(5). What is the highest common factor of u and y?
4
Let a = 7 - -1. Suppose 3*f - 149 = -53. Calculate the greatest common divisor of f and a.
8
Suppose -2*y - 3*y - 3*f + 718 = 0, -3*y - f + 434 = 0. Suppose 0 = v + 3*v - 5*h - y, 3*v = -h + 100. What is the highest common divisor of v and 136?
34
Suppose -3*v = -v + 556. Let g(k) = -413*k**2. Let a be g(1). Let t = v - a. What is the highest common divisor of t and 15?
15
Let g(o) = o**3 + 20*o**2 + 36*o + 3. Let k be g(-18). Calculate the highest common divisor of 93 and k.
3
Suppose 2*w - 5*v - 85 = 0, w + 3*v - 57 = -42. Calculate the greatest common factor of 255 and w.
15
Suppose m = 1, 0 = 4*y - 4*m + 124 - 304. What is the highest common divisor of y and 713?
23
Suppose -5*s + 675 = -175. Let i(n) = 20*n - 25. Let d be i(-7). Let a be (-1)/(s/d - -1). What is the highest common divisor of 3 and a?
3
Suppose -5*s + 11*s = 192. What is the highest common divisor of s and 224?
32
Let m(p) = p**2 + 5*p - 3. Let z be m(-6). Let a(j) = j**3 - 2*j**2 + 7*j. Let t be a(z). What is the highest common divisor of 6 and t?
6
Let m = 1 + 8. Calculate the highest common divisor of m and 63.
9
Let p(j) = 11*j**2 - 16*j - 28. Let r be p(-2). What is the greatest common factor of 3 and r?
3
Let h = 38 + -26. Let q = 103 + -19. Calculate the highest common divisor of h and q.
12
Let m(g) = -g**3 - 32*g**2 + 32*g - 32. Let t be m(-33). What is the highest common factor of t and 16?
1
Let y be 1 + 3 - (-778 + 5)*1. Calculate the highest common factor of y and 42.
21
Suppose 10682 = -265*a + 279*a. What is the greatest common divisor of 218 and a?
109
Let l = -2196 + 2230. What is the highest common divisor of l and 374?
34
Suppose -2*p + 6 = -2. Suppose -44 = -2*s + 4*q + 6, 2*s = -p*q + 90. Suppose 3*y + o = s, -3*y - o = 2*y - 57. Calculate the highest common factor of y and 88.
11
Let p(h) = -28*h - 22. Let y be p(-17). Let j = 713 - y. What is the greatest common divisor of j and 37?
37
Let v be (48/(-36))/(2/21). Let j = v - -10. Let t be 3 + j/(-1) + -3. Calculate the greatest common factor of t and 28.
4
Let g = 112 - 67. Suppose -18 = 3*i - g. What is the greatest common divisor of 1 and i?
1
Suppose -h = -2*w + 107, -2*h = 2*w + h - 95. Suppose -4*q - 4 = -2*o, 49 = 5*o + 2*q + 3. Calculate the greatest common factor of w and o.
4
Let u be ((-205)/(-25) - 5)/((-4)/(-30)). Let y(b) = -b**2 - b + 3. Let h be y(-3). Let l = h - -15. What is the greatest common factor of u and l?
12
Suppose -a + 5 = 2*b - 35, -3*b - 3*a + 66 = 0. Suppose 0 = 3*n + 2*h - 10, -4 = -7*n + 9*n - 4*h. What is the greatest common divisor of n and b?
2
Suppose 0 = z + z - 6. Let i = 576 - 570. What is the highest common factor of z and i?
3
Suppose -10 + 10 = 4*d. Suppose -6*b + d*b = -24. Calculate the greatest common divisor of 6 and b.
2
Let j = -93 - -94. Let k = 5 + 23. Let u be k*(j + (-2)/(-2)). Calculate the highest common divisor of u and 7.
7
Let y = 15 - 9. Let q be 4/(y + -2) + 1. Let m = q - -1. Calculate the highest common divisor of m and 33.
3
Let s be ((-36)/(-27))/(4/9). Suppose 17 - 35 = -s*i. Let m be (3 + 5)*i/4. What is the greatest common factor of m and 36?
12
Let g be 3408/216 + (-6)/(-27). Calculate the highest common factor of g and 1744.
16
Let r(k) = 2*k**3 - 4*k**2 + 6*k - 6. Let d be r(3). Let y = d + -66. Let m = -10 - y. Calculate the greatest common divisor of 234 and m.
26
Let t(s) = -24*s + 85. Let z be t(2). Calculate the greatest common factor of 148 and z.
37
Let x(q) = 29 + 0*q - q - 3 - q. Let o be x(7). Calculate the highest common divisor of o and 84.
12
Let c be (-2)/(-4)*(-30)/(-3). Suppose 5*m - 35 = -b, b + 8 = 2*m - 13. Let l be ((-10)/m)/(6/(-168)). Calculate the greatest common divisor of l and c.
5
Suppose 2*k = k + 31. Suppose -2*a = -k + 29. Calculate the greatest common factor of a and 7.
1
Suppose -3*g + 29 = 4*y - 3*y, 4*y - g = 181. Suppose a - 27 = -3*f, 4*a + 2*f - 74 - y = 0. Calculate the highest common factor of 45 and a.
15
Suppose 4*c - 5*v = 1249, 5*c - 2351 = -5*v - 846. Suppose 5*n + 5*w = 280, 12*w - 11*w = -4*n + 209. What is the highest common divisor of n and c?
51
Let h be ((-24)/15)/((8/(-40))/1). Let i be (4 - 0)/(2/10). What is the highest common factor of i and h?
4
Let t = 65 + -53. Let h = -195 + 492. Let p = h + -201. Calculate the greatest common divisor of t and p.
12
Suppose 3*j - 759 = 2*h - 5*h, -518 = -2*j + 2*h. Suppose 0 = -44*c + 40*c + j. What is the highest common divisor of c and 2?
2
Let g = -34 - -45. Let w be (-1788)/(-18) + (-1)/3. What is the highest common divisor of w and g?
11
Let o(r) = -r**2 - 24*r - 11. Let w be o(-22). Calculate the highest common divisor of w and 715.
11
Let v be (-5 + (-39)/(-15))*-50. Calculate the highest common factor of v and 60.
60
Let s(d) = 3*d + 4. Let g be s(-5). Let w = g + 13. Let q(n) = n + 16. Let u be q(6). Calculate the greatest common factor of w and u.
2
Let x = 336 - 86. What is the greatest common divisor of 10 and x?
10
Let p be ((-63)/18 - 3)*-2. Suppose -3*d + 0*d - 5*l = 7, -l = -2*d + 4. What is the greatest common factor of p and d?
1
Let m be 93492/(-530)*(10/3)/(-1). Calculate the greates